 and 2135?
61
Calculate the greatest common factor of 33473 and 14499.
179
Calculate the highest common factor of 40 and 2285.
5
What is the highest common divisor of 238 and 64804?
34
Calculate the greatest common divisor of 94519 and 248.
31
What is the highest common divisor of 13246 and 4736?
74
Calculate the greatest common divisor of 3419177 and 7985.
1597
Calculate the greatest common factor of 12407475 and 1425.
1425
Calculate the highest common factor of 1287 and 15587.
143
Calculate the highest common factor of 64582 and 147.
49
Calculate the highest common divisor of 9 and 357003.
9
Calculate the highest common divisor of 117 and 95979.
39
Calculate the highest common factor of 264858 and 132.
66
What is the highest common factor of 1551 and 99?
33
Calculate the highest common factor of 4887 and 9369.
27
Calculate the greatest common factor of 312 and 323986.
26
What is the highest common factor of 8037 and 649211?
893
What is the highest common factor of 51 and 68238?
51
What is the highest common divisor of 16216 and 56?
8
Calculate the highest common factor of 98694 and 4554.
18
Calculate the highest common divisor of 324 and 126603.
81
What is the highest common factor of 15 and 7949070?
15
What is the highest common divisor of 76 and 61883?
19
Calculate the highest common factor of 581587 and 51.
17
What is the greatest common factor of 16938 and 10?
2
Calculate the highest common factor of 537 and 636345.
537
Calculate the greatest common divisor of 320135 and 2795.
215
What is the highest common factor of 1414 and 56?
14
Calculate the greatest common divisor of 90 and 46845.
45
What is the highest common divisor of 816361 and 52?
13
Calculate the highest common divisor of 1440 and 10240.
160
What is the greatest common divisor of 640150 and 35?
35
What is the greatest common divisor of 1600 and 164?
4
Calculate the highest common factor of 138 and 573114.
138
What is the greatest common divisor of 2 and 133058?
2
What is the highest common divisor of 601612 and 8701?
1243
What is the highest common divisor of 654 and 710026?
218
Calculate the highest common factor of 336 and 95144.
56
What is the highest common divisor of 26930 and 30?
10
Calculate the highest common divisor of 285656 and 112.
56
Calculate the highest common factor of 9947 and 56.
7
What is the highest common divisor of 5445 and 1644027?
363
Calculate the greatest common factor of 255 and 287997.
51
What is the highest common factor of 79100 and 2?
2
Calculate the highest common divisor of 442 and 946764.
442
What is the greatest common divisor of 3859350 and 330?
330
Calculate the greatest common divisor of 96 and 71024.
16
What is the highest common divisor of 164 and 8077?
41
Calculate the highest common divisor of 3089 and 2.
1
What is the greatest common factor of 1781 and 1417?
13
Calculate the highest common divisor of 9915188 and 152.
76
Calculate the highest common factor of 17199 and 182.
91
What is the highest common factor of 90616 and 4097?
241
Calculate the highest common divisor of 281698 and 122.
122
Calculate the greatest common divisor of 4792 and 32.
8
What is the highest common factor of 32965 and 694?
347
What is the greatest common divisor of 208465 and 6920?
865
Calculate the greatest common divisor of 130 and 3471.
13
What is the highest common factor of 1466 and 7869488?
1466
Calculate the greatest common divisor of 33990 and 15.
15
Calculate the greatest common divisor of 2754 and 60129.
459
Calculate the greatest common factor of 40 and 317100.
20
Calculate the highest common factor of 12760 and 12188.
44
What is the greatest common factor of 96 and 94632?
24
Calculate the greatest common factor of 216 and 6606.
18
Calculate the greatest common divisor of 40 and 3350.
10
What is the highest common divisor of 46980 and 4860?
1620
What is the greatest common factor of 152 and 8170?
38
Calculate the greatest common divisor of 15990 and 2790.
30
Calculate the highest common divisor of 15 and 1008420.
15
Calculate the highest common divisor of 2546075 and 250.
25
Calculate the greatest common factor of 162 and 25722.
18
Calculate the greatest common factor of 6555 and 92625.
285
What is the highest common factor of 660 and 24255?
165
What is the greatest common divisor of 730 and 10?
10
What is the highest common factor of 112 and 225904?
112
What is the highest common divisor of 27408 and 29424?
48
What is the greatest common factor of 1883 and 2152?
269
What is the greatest common factor of 1205264 and 32?
16
What is the greatest common factor of 107648 and 274166?
1682
Calculate the greatest common divisor of 161763 and 56.
7
Calculate the greatest common divisor of 70470 and 29970.
810
What is the greatest common divisor of 7823701 and 53?
53
Calculate the greatest common factor of 3148 and 674.
2
Calculate the highest common divisor of 160449 and 1343.
79
What is the highest common divisor of 65 and 10933?
13
What is the greatest common factor of 67738 and 77?
11
Calculate the highest common divisor of 104 and 114556.
52
What is the greatest common divisor of 532 and 57076?
76
Calculate the highest common factor of 357441 and 3.
3
What is the greatest common factor of 160672 and 64?
32
Calculate the highest common factor of 597 and 29452.
199
What is the highest common divisor of 12 and 1140996?
12
What is the greatest common factor of 30936 and 1192?
8
Calculate the highest common divisor of 66 and 8117505.
33
What is the greatest common divisor of 1584 and 105048?
72
Calculate the highest common factor of 5969196 and 36.
36
What is the greatest common divisor of 81 and 96?
3
What is the highest common divisor of 2886 and 1632514?
962
What is the highest common factor of 70125 and 68000?
2125
What is the highest common divisor of 3073 and 45217?
439
What is the highest common factor of 483385 and 392?
49
Calculate the highest common divisor of 26 and 619099.
13
Calculate the highest common factor of 108578 and 466.
466
Calculate the highest common divisor of 79893 and 594.
297
Calculate the highest common divisor of 1962 and 186.
6
What is the greatest common factor of 101 and 135?
1
Calculate the highest common factor of 82762 and 4.
2
Calculate the greatest common factor of 128 and 19184.
16
Calculate the highest common factor of 427010 and 20.
10
Calculate the greatest common divisor of 45064 and 368.
8
Calculate the greatest common divisor of 1742 and 2278.
134
Calculate the greatest common divisor of 94661 and 511.
7
Calculate the highest common factor of 23528 and 2016.
8
Calculate the highest common factor of 1218 and 84448.
406
What is the highest common factor of 3231 and 2547105?
1077
What is the greatest common divisor of 113472 and 10441?
197
Calculate the greatest common divisor of 96 and 153816.
24
What is the highest common divisor of 92137 and 3704?
463
What is the greatest common divisor of 837 and 3100?
31
Calculate the highest common divisor of 66219 and 37.
1
Calculate the greatest common factor of 672 and 2529744.
336
What is the greatest common factor of 49257 and 624?
39
What is the greatest common divisor of 79325 and 2375?
475
What is the greatest common divisor of 408 and 220728?
408
What is the greatest common factor of 371160 and 440?
40
What is the greatest common divisor of 250 and 57875?
125
What is the highest common divisor of 5096 and 260?
52
What is the greatest common factor of 117 and 357227?
13
Calculate the highest common factor of 21006 and 108.
54
Calculate the greatest common factor of 50663 and 812.
29
Calculate the greatest common factor of 16775 and 5795.
305
What is the highest common divisor of 534842 and 644?
322
What is the greatest common divisor of 1238195 and 4165?
595
Calculate the highest common divisor of 175 and 144473.
7
What is the greatest common factor of 2 and 9702?
2
Calculate the greatest common divisor of 109399 and 713.
31
Calculate the greatest common divisor of 102 and 28866.
102
What is the greatest common factor of 86801 and 55?
11
What is the greatest common factor of 13275 and 450?
225
What is the highest common divisor of 11115 and 624?
39
Calculate the greatest common factor of 1302 and 1554.
42
Calculate the greatest common factor of 12 and 103278.
6
Cal